e greatest common divisor of 1673911 and 263150.
277
What is the greatest common factor of 10 and 10651884?
2
What is the highest common divisor of 258 and 29132242?
86
What is the highest common factor of 353315677 and 143?
143
Calculate the greatest common divisor of 6357143 and 1339.
13
What is the greatest common divisor of 29384 and 24899267?
3673
Calculate the greatest common factor of 210112 and 5537.
49
Calculate the highest common divisor of 10690497 and 87.
3
Calculate the highest common factor of 222795 and 10845.
45
What is the highest common divisor of 21 and 982398?
3
Calculate the greatest common divisor of 282493911 and 21.
21
What is the greatest common divisor of 58 and 12801209?
29
Calculate the highest common factor of 834417 and 2604026.
4031
What is the highest common divisor of 483362 and 401533?
1903
What is the greatest common divisor of 45175 and 92949300?
3475
What is the highest common factor of 13129264 and 128?
16
Calculate the highest common divisor of 43678572 and 30051.
1113
Calculate the greatest common divisor of 407422 and 139196.
782
What is the highest common divisor of 413343 and 30366?
63
Calculate the greatest common divisor of 136 and 717961.
17
What is the greatest common factor of 34125462 and 486?
486
What is the highest common factor of 2 and 793667?
1
Calculate the highest common factor of 123 and 592482677.
41
What is the highest common divisor of 161 and 1825809?
23
What is the greatest common factor of 2131102 and 228182?
842
What is the highest common divisor of 334056 and 2514849?
1347
Calculate the greatest common factor of 34932 and 12461704.
164
What is the greatest common factor of 938448 and 9462?
114
What is the highest common divisor of 1372 and 62668844?
1372
Calculate the highest common divisor of 630 and 2966565.
105
Calculate the greatest common factor of 1 and 726527.
1
What is the highest common factor of 20242496 and 209312?
6752
Calculate the highest common divisor of 11200655 and 2645.
115
Calculate the greatest common factor of 29954 and 558637.
17
Calculate the highest common factor of 107141829 and 15.
3
Calculate the greatest common divisor of 10073518 and 494.
26
Calculate the highest common factor of 9228 and 26196.
12
What is the greatest common divisor of 2762 and 53362?
2
Calculate the greatest common divisor of 25572920 and 33670.
370
What is the highest common divisor of 1088 and 3192413?
17
Calculate the greatest common divisor of 340 and 146404340.
340
Calculate the highest common factor of 17629 and 158356.
61
Calculate the greatest common divisor of 7 and 63475.
1
What is the greatest common factor of 470 and 36472705?
235
What is the greatest common factor of 2970 and 343620?
90
What is the greatest common divisor of 132 and 1371049746?
66
What is the greatest common divisor of 13516016 and 80?
16
What is the greatest common divisor of 4644 and 2040436?
172
Calculate the highest common factor of 123518887 and 613.
613
What is the greatest common divisor of 28203 and 15168?
237
What is the greatest common divisor of 11296 and 412?
4
What is the highest common divisor of 3579444 and 5227948?
5764
Calculate the greatest common factor of 3959289 and 372.
93
What is the greatest common factor of 5096 and 47128?
8
What is the greatest common factor of 190869 and 2665761?
1281
What is the greatest common factor of 645525 and 14307?
57
Calculate the greatest common divisor of 708085 and 245.
35
What is the highest common divisor of 38 and 729320833?
19
Calculate the highest common factor of 26199 and 299833.
2911
Calculate the highest common divisor of 112 and 656957.
7
What is the highest common divisor of 4950 and 15491250?
450
What is the highest common factor of 1647 and 52238997?
549
Calculate the highest common factor of 213516 and 1488.
12
Calculate the highest common factor of 71955 and 288900.
135
Calculate the greatest common factor of 4485 and 1350525.
15
What is the greatest common divisor of 1728 and 49306464?
288
Calculate the greatest common factor of 100427954 and 55.
11
Calculate the highest common divisor of 7149 and 32053733.
2383
Calculate the highest common factor of 1530480 and 1207986.
5466
Calculate the highest common divisor of 4118 and 34046.
58
What is the greatest common factor of 600 and 1956132300?
300
Calculate the highest common factor of 5607 and 1766472.
267
What is the highest common factor of 1201 and 50022851?
1201
Calculate the highest common divisor of 1191680 and 114.
38
What is the highest common factor of 7578684 and 1656?
828
Calculate the greatest common divisor of 711 and 17143632.
711
What is the greatest common divisor of 46600594 and 1504?
94
Calculate the greatest common divisor of 24275 and 187075.
25
What is the greatest common divisor of 27060 and 12915000?
2460
Calculate the highest common factor of 50133 and 44184867.
2949
What is the greatest common divisor of 2568 and 5097324?
12
What is the greatest common divisor of 1560 and 23895300?
780
Calculate the highest common divisor of 12560576 and 868.
28
What is the highest common factor of 213240 and 34440?
120
What is the greatest common factor of 6129 and 72864276?
681
Calculate the greatest common divisor of 307972856 and 3112.
3112
Calculate the highest common factor of 10056 and 2165392.
3352
Calculate the highest common divisor of 25 and 514657950.
25
What is the highest common factor of 1723080 and 571592?
1384
What is the greatest common divisor of 327675 and 622200?
1275
Calculate the highest common divisor of 78014016 and 96.
96
Calculate the greatest common factor of 95666 and 403.
31
Calculate the greatest common factor of 116776 and 2640.
88
What is the highest common factor of 34865 and 5630?
5
What is the highest common factor of 457726 and 318?
2
What is the highest common factor of 37826971 and 52?
13
What is the highest common factor of 878 and 65644987?
439
What is the greatest common factor of 360679 and 1177?
11
What is the greatest common factor of 2665 and 687488?
41
What is the highest common divisor of 563076 and 206?
2
What is the greatest common factor of 6789649 and 1432?
179
Calculate the greatest common factor of 480909 and 430464.
3363
What is the greatest common factor of 2174157 and 666?
333
What is the highest common divisor of 56875 and 832?
13
Calculate the greatest common factor of 33232 and 17974358.
4154
Calculate the greatest common factor of 438694 and 243407.
401
Calculate the highest common divisor of 390570 and 80.
10
Calculate the greatest common divisor of 9987955 and 65.
5
What is the highest common divisor of 33 and 10603758?
33
What is the greatest common divisor of 1236 and 239016?
12
Calculate the highest common factor of 1114780 and 1971020.
2780
Calculate the highest common factor of 152991 and 6146571.
573
What is the highest common divisor of 12485529 and 173817?
1953
What is the highest common factor of 3814233 and 2388?
597
What is the highest common divisor of 295 and 149431601?
59
What is the greatest common divisor of 37692 and 85356?
36
What is the highest common factor of 5448893 and 15723?
1747
Calculate the highest common divisor of 20213 and 81877.
41
What is the highest common factor of 454808 and 55600?
1112
What is the greatest common factor of 36094992 and 2685?
537
Calculate the highest common divisor of 439151 and 656.
41
What is the greatest common factor of 6006 and 92301?
33
Calculate the highest common factor of 120884 and 2602864.
2572
What is the greatest common divisor of 1280565 and 1914?
33
Calculate the highest common factor of 300 and 281850.
150
What is the greatest common factor of 2 and 9292433?
1
Calculate the highest common factor of 3104 and 51456.
32
Calculate the greatest common divisor of 403367 and 25940.
1297
What is the greatest common factor of 202 and 119384?
2
Calculate the greatest common factor of 35 and 9667345.
5
What is the greatest common divisor of 973 and 2760818?
139
Calculate the greatest common factor of 6408 and 2888584.
712
What is the greatest common factor of 16094 and 10661656?
1238
What is the greatest common factor of 124 and 5342137?
31
Calculate the greatest common divisor of 1103 and 140239832.
1103
Calculate the highest common divisor of 471624 